t) = h*t + 0*t - 8*t + z*t. Determine u(-1).
1
Let u(s) be the first derivative of -s**3/3 - 2*s**2 - 3*s - 2. Suppose -4*y + 26*y - 22 = 0. Let v be -1*1*y*116/58. Give u(v).
1
Let a(n) = 5*n - 5. Let l be 7/112*8*-6. Let w(o) = -3*o + 6. Suppose z - 8 = 5*z. Let d(c) = l*w(c) + z*a(c). Determine d(-6).
-2
Let x(g) = 99*g**2 - 399*g + 6. Let l be x(4). Let q(k) = -k - 16. Calculate q(l).
-10
Let u be (-337 + 380)*(0 - 1). Let b(p) = -9*p - 378. Calculate b(u).
9
Let o(c) = 71*c + 63. Let d(q) = -9*q - 3. Let w(p) = 8*d(p) + o(p). Determine w(42).
-3
Let m(i) = -35*i - 1239. Let w be m(-36). Let n(f) = 3*f - 68. Give n(w).
-5
Let w(q) = 783*q**2 - 782*q**2 - 4*q + 9 - 6. Let o(m) = m - 1. Let d be o(-4). Let i = d + 7. Calculate w(i).
-1
Let r(p) = -25*p**2 - 5*p. Let b(v) = -38*v**2 - 8*v. Let a(d) = 5*b(d) - 8*r(d). Let i be -2*(-2)/4*(11 + -10). Give a(i).
10
Let q(i) = i**3 - i. Let y(n) = -n**2 - 34*n + 197. Let v(c) = 3*c - 142. Let h be v(49). Let p be y(h). Determine q(p).
6
Suppose 3*x + 487*v - 484*v = -36, -2*x = -5*v - 18. Let j(f) = -f**3 - 5*f**2 - 7*f - 6. What is j(x)?
72
Let b(f) = -f**3 + 67*f**2 - 764*f + 297. Let p be b(14). Let k(u) = 9*u + 49. Let w(r) = 5*r + 25. Let o(z) = -4*k(z) + 7*w(z). Give o(p).
-10
Let u(h) = h + 35. Let v be u(-30). Let m(f) = -4. Let k(r) = 3*r - 33. Let n(b) = v*m(b) - k(b). Give n(4).
1
Let i(p) = 12*p**3 + 6*p**2 - 3*p + 256. Let l(f) = 17*f**3 + 9*f**2 - 4*f + 359. Let o(w) = 7*i(w) - 5*l(w). Let m = 1 + 0. Let y = m + -4. Determine o(y).
0
Let v(x) = x**3 - 8*x**2 + 18*x. Let j be v(4). Let c(d) be the second derivative of 5*d**2 + 7/12*d**4 + 0 - 1/20*d**5 + 7/6*d**3 + 8*d. What is c(j)?
2
Let h be -5 - (1/3 + 32/(-24)). Let g(f) = 7*f**2 - 14*f**2 + 5 + 2*f + 5*f**2. Determine g(h).
-35
Let v(a) = a**2 - 9*a - 2. Suppose -59 + 9 = 5*k. Let b be -1 + (17 - -2) + 1. Let m = k + b. What is v(m)?
-2
Let s be 16 + ((-30)/(-10) - (4 + 4)). Let w be 6/2 - 7 - -6. Let k(n) = 4*n - 5*n + 6*n - 11 + 7*n - n**w. What is k(s)?
0
Let n(x) = 25*x**3 - 52*x**2 + 85*x + 234. Let z(f) = -7*f**3 + 18*f**2 - 28*f - 78. Let g(u) = 2*n(u) + 7*z(u). What is g(-23)?
-9
Let c(z) be the first derivative of z**4/2 - z**3/6 + z**2/2 - 12*z - 3. Let h(t) be the first derivative of c(t). Suppose 0 = -42*d + 8*d + 34. Determine h(d).
6
Let w(j) = 6*j - 76. Let s(d) = -5*d**2 + 16*d + 3. Let m be s(1). Give w(m).
8
Let h(v) = -v**2 + 9*v - 24. Let o be (-52)/(-832) - 190/(-32). Give h(o).
-6
Let z(o) = -13*o - 137. Let x(w) = 11*w**3 - 7*w**2 - 14*w - 7. Let m be x(-1). Calculate z(m).
6
Let j(r) be the second derivative of 0 - 2*r**2 + 174*r + 1/2*r**3. Give j(1).
-1
Let l(r) be the first derivative of 11*r**2 + r + 813. Calculate l(1).
23
Let g(d) = 3*d - 3. Let m(f) = -3*f + 3. Let o(x) = -2*g(x) - 3*m(x). Suppose -70*n = -87*n + 34. Suppose -5*v - 5 + 0 = 4*t, -6 = -n*v. Calculate o(t).
-18
Let v(d) be the second derivative of 7/6*d**3 - 11/2*d**2 - 1/12*d**4 - 17*d + 0. Give v(3).
1
Let n(s) be the second derivative of s**4/12 + s**3/6 - s**2/2 + 35*s. Let q = 22 + -22. Let k(r) = -r + 1. Let u be k(q). Give n(u).
1
Suppose -2*q - 3*q + 15 = 0. Suppose -q*p + 9 = 0, z - 4*z + 18 = 3*p. Let v(d) = -d + z + 1 - 7 - 2. What is v(0)?
-5
Let z be 9 - 3 - (-8)/(-2 - 0). Let m(t) = -3 + 21*t - t**2 - 22*t + z*t**2. What is m(0)?
-3
Let s(u) = 2*u**2 - u - 4. Let l = -15 - -17. Suppose -37 = -l*j - 3. Let t = j - 14. Determine s(t).
11
Suppose 3 = 2*o - 0*o - 3*z, -o - 2*z = 9. Let m(k) be the third derivative of k**6/120 + k**5/30 + k**4/24 + k**3/2 - 418*k**2. Determine m(o).
-9
Let u(q) = -q**3 - 19*q**2 - 22*q - 63. Let i be u(-18). Let h(x) be the first derivative of 1/4*x**4 - x**3 + 3*x + 3/2*x**2 - i. Calculate h(3).
12
Let c(f) = f**2 + 30*f - 23. Suppose 5*w + 173 = -3*g, -4*w - 3*g = -222 + 364. Determine c(w).
8
Let f = -42 + 8. Let k = f + 25. Let p(r) be the first derivative of -r**2/2 - 15*r + 48. Give p(k).
-6
Let q(k) = -k**3 - 8*k**2 - 6*k - 10. Let p be -4 + 0 + ((-44)/11 - -10). Suppose -2*w - y - 20 = 2*y, -p*w - 16 = y. What is q(w)?
-17
Suppose 0 = -48*u + 52*u + 184. Let n = -33 - 13. Let l = u - n. Let w(v) = -v**2 + v + 4. Determine w(l).
4
Let k(m) = m**2. Let a(j) = -j**3 - j**2 - 10. Suppose 4*s - 9 = 5*g, -6*s + 10 = -s - 5*g. Let y(z) = s*a(z) + 6*k(z). Determine y(5).
-10
Suppose 3 = j - 5. Suppose 3*l = -7 - j. Let g(w) be the third derivative of w**4/24 - w**3/6 + 1136*w**2 - w. Give g(l).
-6
Suppose 0 = -461*f + 482*f + 180 - 663. Suppose -n = -3*i - 92, 0 = 2*i + 4*n + 28 + 38. Let p = f + i. Let z(o) = o + 10. Determine z(p).
2
Let a(p) = -p. Let h = 465 - 463. Determine a(h).
-2
Let j be ((-18)/(-27))/((-4)/(-1962)). Let u(s) = -320 + 2*s**2 + j - 9*s - s**2. Give u(7).
-7
Let t = 204 + -212. Let m(l) be the second derivative of 1/20*l**5 + 4/3*l**3 - 6*l + 0 + 3/4*l**4 + 1/2*l**2. What is m(t)?
1
Let r(x) be the third derivative of 0 - 1/40*x**6 - 1/60*x**5 + 1/24*x**4 - 1/3*x**3 + 32*x**2 + 0*x. What is r(2)?
-28
Let d = -9387 - -9388. Let o(y) = 4*y + 10. Determine o(d).
14
Suppose 0 = 40*d + 42 - 82. Let q(x) = -3*x**3 + 2*x**2 - 6*x + 3. Calculate q(d).
-4
Let p(b) = 6*b + 241. Let a(f) = -f - 59. Let k(i) = -9*a(i) - 2*p(i). Calculate k(0).
49
Let q(s) = -240*s + 240*s - 13*s**2 - 7 + 12*s**2. What is q(4)?
-23
Let v(b) = 3*b**2 - 88*b + 4. Let k(z) = 8*z**2 - 243*z + 11. Let t(w) = -4*k(w) + 11*v(w). Calculate t(-2).
-4
Suppose -3*c - 8*c - 33 = 0. Let n(z) be the third derivative of 0 + 0*z + 0*z**3 + 1/24*z**4 + z**2. What is n(c)?
-3
Let r(l) = l**2 - 8*l + 1. Suppose 4*p + 3*f - 8 = 0, 3*p - f - 3*f = 6. Suppose -z + p*q - q = -4, 12 = 4*z - 2*q. Suppose 5*d - 27 = -z. What is r(d)?
-14
Let d(r) = 0 + 6 - 4*r + 2*r. Let h be d(5). Let z(n) be the first derivative of -3*n**2/2 - n - 9. Give z(h).
11
Let o(k) = -10*k - 2. Suppose -54*j + 10 = -52*j. Let y(s) = 23*s + 3. Let c(l) = j*o(l) + 3*y(l). Calculate c(1).
18
Suppose 0 = -12427*h + 12430*h - 78 + 21. Let t(f) = f**2 - 17*f - 55. Give t(h).
-17
Let r(b) be the second derivative of b**4/4 - 7*b**2/2 - 40*b + 16. What is r(-4)?
41
Suppose 4*a = 3*a - 170. Let t be 6/10 + a/(-50). Suppose -t*c + 2*s - 3 = 13, 2 = -c + s. Let p(f) = f + 8. Determine p(c).
2
Let z(f) = -f**2 - 28*f - 2. Let o = -6411 + 6384. Calculate z(o).
25
Let q(f) = 16 + f**2 + 47*f - 25*f - 20*f + 6*f. Determine q(-6).
4
Let v(j) be the third derivative of j**5/60 + 7*j**4/12 - 53*j**3/6 - 6*j**2 - 32*j. What is v(-17)?
-2
Let s(m) = m**3 + 7*m**2 - 21*m + 5. Let q(w) = 75*w**2 - 1428*w + 48. Let p be q(19). What is s(p)?
32
Suppose 2402 = -4*v - 2*k, v + 897 - 299 = -k. Let h = v - -593. Let a(s) = s**2 + 11*s - 2. What is a(h)?
-12
Let v(w) = -29*w**3 - 24*w - 1. Let c(i) = -13*i**3 - 11*i. Let y(m) = 9*c(m) - 4*v(m). Determine y(0).
4
Let x be 7/(-2) + 29/58 + 7. Let z(r) = r**3 - 3*r**2 - 3*r - 3. Determine z(x).
1
Let n(s) = -s**2 - 7*s**2 - 5 - 1 - 2*s**2 + 7*s + 3*s. Let o(z) = -2*z**2 + z - 1. Let r(q) = n(q) - 4*o(q). Calculate r(4).
-10
Let j(x) = x**3 - 40*x**2 - x + 40. Suppose -4*y + 165 = -h, -3*y - h + 54 + 61 = 0. What is j(y)?
0
Suppose 4*l + 5*l = 3*l. Suppose 2*z - 22 = -4*w + 8, -3*w - 2*z + 25 = l. Let s(q) = 2 - 5 - 2*q + w*q + q. Determine s(-3).
-15
Let k(h) = -2*h + 2. Let p be k(0). Suppose -2 = 4*m - p*m. Let z(a) = -70*a + 5. Let w(g) = 150*g - 11. Let j(u) = -6*w(u) - 13*z(u). Determine j(m).
-9
Let j(l) = 394 - 433 - 84*l + 76*l. Give j(-6).
9
Let v(c) = c**2 - 3*c + 1. Suppose -4*s = 17*s + 189. Let x be (s/((-54)/(-4)))/(2/(-9)). Give v(x).
1
Let y(a) = -7*a + 15. Let v(f) = 2*f - 4. Let n(o) = 4*v(o) + y(o). Suppose 0*h - h = 5. Determine n(h).
-6
Let q(l) = -l**3 - 15*l**2 - 14*l - 5. Let s(g) be the second derivative of -g**4/12 + 8*g**3/3 + 211*g**2/2 - g + 18. Let h be s(-9). Determine q(h).
-5
Let z(r) = -r**3 + 3*r**2 + 5*r - 9. Suppose -j + 380 = 94*j. Give z(j).
-5
Suppose -90 = -1229*f + 1214*f. Let t(w) = w**3 - 4*w**2 + 2*w - 7. Calculate t(f).
77
Suppose 121 + 35 = -2*h. Let m = 28 + h. Let q = 54 + m. Let o(c) = -c**2 + 3*c + 4. Give o(q).
0
Let n(j) = j - 24. Let i be -4 - -7 - 1 - -412. Let p = 428 - i. Calculate n(p).
-10
Let x(r) = r**3 - r**2 + r + 31. Let v be x(0). Let i(j) = -j + v - 18 - 17. 